{"id":1449,"date":"2021-01-15T13:07:35","date_gmt":"2021-01-15T12:07:35","guid":{"rendered":"https:\/\/zahn\u00e4rzte-stendal.de\/?page_id=1449"},"modified":"2024-09-11T21:02:47","modified_gmt":"2024-09-11T19:02:47","slug":"karriere","status":"publish","type":"page","link":"https:\/\/zahn\u00e4rzte-stendal.de\/?page_id=1449","title":{"rendered":"Karriere"},"content":{"rendered":"<div id='av-layout-grid-1'  class='av-layout-grid-container av-9to24o-b227ac234dc692b27626e742981049a7 entry-content-wrapper main_color av-flex-cells  avia-builder-el-0  el_before_av_section  avia-builder-el-first   container_wrap sidebar_right'  >\n\n<style type=\"text\/css\" data-created_by=\"avia_inline_auto\" id=\"style-css-av-9qpu20-29fb38ed1e49b5fcfbd642ad0f90ebe0\">\n.flex_cell.av-9qpu20-29fb38ed1e49b5fcfbd642ad0f90ebe0{\nvertical-align:middle;\nheight:250px;\nmin-height:250px;\nbackground:url(https:\/\/zahn\u00e4rzte-stendal.de\/wp-content\/uploads\/2021\/01\/jobs_stellenangebote_tresen_2020.jpg) 0% 0% no-repeat scroll #6b3b5a;\n}\n.responsive #top #wrap_all .flex_cell.av-9qpu20-29fb38ed1e49b5fcfbd642ad0f90ebe0{\npadding:0px 0px 0px 0px !important;\n}\n<\/style>\n<div class='flex_cell av-9qpu20-29fb38ed1e49b5fcfbd642ad0f90ebe0 av-gridrow-cell av_one_half no_margin  avia-builder-el-1  el_before_av_cell_one_half  avia-builder-el-first  content-align-middle av-zero-padding avia-full-stretch'  ><div class='flex_cell_inner'><\/div><\/div>\n<style type=\"text\/css\" data-created_by=\"avia_inline_auto\" id=\"style-css-av-ygtps-9e1f31eb6080fe00952bd9b07697d46d\">\n.flex_cell.av-ygtps-9e1f31eb6080fe00952bd9b07697d46d{\nvertical-align:middle;\nheight:250px;\nmin-height:250px;\nbackground-color:#6b3b5a;\n}\n.responsive #top #wrap_all .flex_cell.av-ygtps-9e1f31eb6080fe00952bd9b07697d46d{\npadding:80px 80px 80px 80px !important;\n}\n<\/style>\n<div class='flex_cell av-ygtps-9e1f31eb6080fe00952bd9b07697d46d av-gridrow-cell av_one_half no_margin  avia-builder-el-2  el_after_av_cell_one_half  avia-builder-el-last  content-align-middle'  ><div class='flex_cell_inner'><p>\n<style type=\"text\/css\" data-created_by=\"avia_inline_auto\" id=\"style-css-av-b04dl-a5803e6ea94db87c4e94e7a5c336b472\">\n#top .av-special-heading.av-b04dl-a5803e6ea94db87c4e94e7a5c336b472{\npadding-bottom:25px;\ncolor:#ffffff;\nfont-size:34px;\n}\nbody .av-special-heading.av-b04dl-a5803e6ea94db87c4e94e7a5c336b472 .av-special-heading-tag .heading-char{\nfont-size:25px;\n}\n#top #wrap_all .av-special-heading.av-b04dl-a5803e6ea94db87c4e94e7a5c336b472 .av-special-heading-tag{\nfont-size:34px;\n}\n.av-special-heading.av-b04dl-a5803e6ea94db87c4e94e7a5c336b472 .special-heading-inner-border{\nborder-color:#ffffff;\n}\n.av-special-heading.av-b04dl-a5803e6ea94db87c4e94e7a5c336b472 .av-subheading{\nfont-size:15px;\n}\n\n@media only screen and (min-width: 480px) and (max-width: 767px){ \n#top #wrap_all .av-special-heading.av-b04dl-a5803e6ea94db87c4e94e7a5c336b472 .av-special-heading-tag{\nfont-size:0.8em;\n}\n}\n\n@media only screen and (max-width: 479px){ \n#top #wrap_all .av-special-heading.av-b04dl-a5803e6ea94db87c4e94e7a5c336b472 .av-special-heading-tag{\nfont-size:0.8em;\n}\n}\n<\/style>\n<div  class='av-special-heading av-b04dl-a5803e6ea94db87c4e94e7a5c336b472 av-special-heading-h3 custom-color-heading blockquote modern-quote  avia-builder-el-3  el_before_av_textblock  avia-builder-el-first  av-inherit-size'><h3 class='av-special-heading-tag '  itemprop=\"headline\"  >Stellenangebote<\/h3><div class=\"special-heading-border\"><div class=\"special-heading-inner-border\"><\/div><\/div><\/div><br \/>\n\n<style type=\"text\/css\" data-created_by=\"avia_inline_auto\" id=\"style-css-av-95xlbs-4ea378660a3c5b6a9414201922c60f9e\">\n#top .av_textblock_section.av-95xlbs-4ea378660a3c5b6a9414201922c60f9e .avia_textblock{\ncolor:#ffffff;\n}\n<\/style>\n<section  class='av_textblock_section av-95xlbs-4ea378660a3c5b6a9414201922c60f9e '   itemscope=\"itemscope\" itemtype=\"https:\/\/schema.org\/CreativeWork\" ><div class='avia_textblock av_inherit_color'  itemprop=\"text\" ><p>Planungssichere Arbeitszeiten, eine attraktive Entlohnung und die sch\u00f6nste Arbeitsumgebung, die man sich w\u00fcnschen kann, geh\u00f6ren bei uns zur Grundausstattung!<\/p>\n<p>Haben wir Ihr Interesse geweckt? Dann bewerben Sie sich jetzt und werden Sie Teil unserer Praxis!<\/p>\n<\/div><\/section><\/p>\n<\/div><\/div>\n<\/div>\n\n<style type=\"text\/css\" data-created_by=\"avia_inline_auto\" id=\"style-css-av-917hvc-2ec8d7c3136c0abbcd479dc46eb90c83\">\n.avia-section.av-917hvc-2ec8d7c3136c0abbcd479dc46eb90c83{\nmargin-top:0px;\nmargin-bottom:0px;\n}\n<\/style>\n<div id='av_section_1'  class='avia-section av-917hvc-2ec8d7c3136c0abbcd479dc46eb90c83 main_color avia-section-huge avia-no-border-styling  avia-builder-el-5  el_after_av_layout_row  el_before_av_layout_row  avia-bg-style-scroll container_wrap sidebar_right'  ><div class='container av-section-cont-open' ><div class='template-page content  av-content-small alpha units'><div class='post-entry post-entry-type-page post-entry-1449'><div class='entry-content-wrapper clearfix'>\n\n<style type=\"text\/css\" data-created_by=\"avia_inline_auto\" id=\"style-css-av-7hkytk-0333065e3b4dab2fb6c739b53cede6bd\">\n.flex_column.av-7hkytk-0333065e3b4dab2fb6c739b53cede6bd{\nborder-radius:0px 0px 0px 0px;\npadding:0px 0px 0px 0px;\n}\n<\/style>\n<div  class='flex_column av-7hkytk-0333065e3b4dab2fb6c739b53cede6bd av_one_full  avia-builder-el-6  avia-builder-el-no-sibling  first flex_column_div av-animated-generic bottom-to-top av-zero-column-padding  '     ><p>\n<style type=\"text\/css\" data-created_by=\"avia_inline_auto\" id=\"style-css-av-a4tu1-c8347fb2d3a89bdf929b1887d1049d1d\">\n#top .av-special-heading.av-a4tu1-c8347fb2d3a89bdf929b1887d1049d1d{\npadding-bottom:20px;\nfont-size:34px;\n}\nbody .av-special-heading.av-a4tu1-c8347fb2d3a89bdf929b1887d1049d1d .av-special-heading-tag .heading-char{\nfont-size:25px;\n}\n#top #wrap_all .av-special-heading.av-a4tu1-c8347fb2d3a89bdf929b1887d1049d1d .av-special-heading-tag{\nfont-size:34px;\n}\n.av-special-heading.av-a4tu1-c8347fb2d3a89bdf929b1887d1049d1d .av-subheading{\nfont-size:15px;\n}\n\n@media only screen and (min-width: 480px) and (max-width: 767px){ \n#top #wrap_all .av-special-heading.av-a4tu1-c8347fb2d3a89bdf929b1887d1049d1d .av-special-heading-tag{\nfont-size:0.8em;\n}\n}\n\n@media only screen and (max-width: 479px){ \n#top #wrap_all .av-special-heading.av-a4tu1-c8347fb2d3a89bdf929b1887d1049d1d .av-special-heading-tag{\nfont-size:0.8em;\n}\n}\n<\/style>\n<div  class='av-special-heading av-a4tu1-c8347fb2d3a89bdf929b1887d1049d1d av-special-heading-h3 blockquote modern-quote  avia-builder-el-7  el_before_av_textblock  avia-builder-el-first  av-inherit-size'><div class='av-subheading av-subheading_above'><p>UNSERE ZAHN\u00c4RZTLICHE GEMEINSCHAFTSPRAXIS<\/p>\n<\/div><h3 class='av-special-heading-tag '  itemprop=\"headline\"  >als moderner Arbeitgeber<\/h3><div class=\"special-heading-border\"><div class=\"special-heading-inner-border\"><\/div><\/div><\/div><br \/>\n<section  class='av_textblock_section av-771jvc-58fd4d0c3cb70a2222cf0ad4518a02e4 '   itemscope=\"itemscope\" itemtype=\"https:\/\/schema.org\/CreativeWork\" ><div class='avia_textblock'  itemprop=\"text\" ><p>Bereits seit fast 30 Jahren behandeln wir erfolgreich Patienten und haben ihnen ein strahlendes L\u00e4cheln geschenkt. Unser Erfolg basiert auf einem <strong>starken und qualifizierten<\/strong>\u00a0Team. Wir sind daher stets an engagierten Mitarbeitern interessiert, die Wert auf Freundlichkeit legen, gewissenhaft arbeiten und sich um das Wohl unserer Patienten bem\u00fchen.<\/p>\n<\/div><\/section><\/p><\/div>\n\n<\/div><\/div><\/div><!-- close content main div --><\/div><\/div><div id='av-layout-grid-2'  class='av-layout-grid-container av-4beb0w-a067b61896a719dc6c2368ec8539d8ad entry-content-wrapper main_color av-flex-cells  avia-builder-el-9  el_after_av_section  avia-builder-el-last  grid-row-not-first  container_wrap sidebar_right'  >\n\n<style type=\"text\/css\" data-created_by=\"avia_inline_auto\" id=\"style-css-av-491jbs-578e98b529a60e5747dad246ff1e53b0\">\n.flex_cell.av-491jbs-578e98b529a60e5747dad246ff1e53b0{\nvertical-align:middle;\nbackground-color:#eeeeee;\n}\n.responsive #top #wrap_all .flex_cell.av-491jbs-578e98b529a60e5747dad246ff1e53b0{\npadding:80px 80px 80px 80px !important;\n}\n<\/style>\n<div class='flex_cell av-491jbs-578e98b529a60e5747dad246ff1e53b0 av-gridrow-cell av_one_half no_margin  avia-builder-el-10  el_before_av_cell_one_half  avia-builder-el-first  content-align-middle'  ><div class='flex_cell_inner'><p>\n<style type=\"text\/css\" data-created_by=\"avia_inline_auto\" id=\"style-css-av-av_heading-abc5d55a10f072777671c48a52a0ebbd\">\n#top .av-special-heading.av-av_heading-abc5d55a10f072777671c48a52a0ebbd{\npadding-bottom:20px;\nfont-size:40px;\n}\nbody .av-special-heading.av-av_heading-abc5d55a10f072777671c48a52a0ebbd .av-special-heading-tag .heading-char{\nfont-size:25px;\n}\n#top #wrap_all .av-special-heading.av-av_heading-abc5d55a10f072777671c48a52a0ebbd .av-special-heading-tag{\nfont-size:40px;\n}\n.av-special-heading.av-av_heading-abc5d55a10f072777671c48a52a0ebbd .av-subheading{\nfont-size:15px;\n}\n\n@media only screen and (min-width: 480px) and (max-width: 767px){ \n#top #wrap_all .av-special-heading.av-av_heading-abc5d55a10f072777671c48a52a0ebbd .av-special-heading-tag{\nfont-size:0.8em;\n}\n}\n\n@media only screen and (max-width: 479px){ \n#top #wrap_all .av-special-heading.av-av_heading-abc5d55a10f072777671c48a52a0ebbd .av-special-heading-tag{\nfont-size:0.8em;\n}\n}\n<\/style>\n<div  class='av-special-heading av-av_heading-abc5d55a10f072777671c48a52a0ebbd av-special-heading-h1 blockquote modern-quote modern-centered  avia-builder-el-11  el_before_av_textblock  avia-builder-el-first  av-inherit-size'><h1 class='av-special-heading-tag '  itemprop=\"headline\"  >Ihr Weg<br \/>\nin unser Team<\/h1><div class=\"special-heading-border\"><div class=\"special-heading-inner-border\"><\/div><\/div><\/div><br \/>\n\n<style type=\"text\/css\" data-created_by=\"avia_inline_auto\" id=\"style-css-av-3w2prs-610ab40b46a762d0384e9e6295bc00ee\">\n#top .av_textblock_section.av-3w2prs-610ab40b46a762d0384e9e6295bc00ee .avia_textblock{\ncolor:#999999;\n}\n<\/style>\n<section  class='av_textblock_section av-3w2prs-610ab40b46a762d0384e9e6295bc00ee '   itemscope=\"itemscope\" itemtype=\"https:\/\/schema.org\/CreativeWork\" ><div class='avia_textblock av_inherit_color'  itemprop=\"text\" ><p style=\"text-align: center;\">M\u00f6chten Sie sich unserem Team anschlie\u00dfen oder \u00fcber freie Stellen in unserer Zahnarztpraxis in Stendal informiert bleiben? Bitte senden Sie Ihr Bewerbungsschreiben an:<\/p>\n<p style=\"text-align: center;\"><strong>Zahn\u00e4rztliche Gemeinschaftspraxis<\/strong><br \/>\n<strong>DS Mehlkopf und Dr. Michelmann, M.Sc.<\/strong><\/p>\n<p style=\"text-align: center;\">Uenglinger Str. 9<br \/>\n39576 Hansestadt Stendal<\/p>\n<p style=\"text-align: center;\">E-Mail: info@zahnaerztin-mehlkopf.de<\/p>\n<\/div><\/section><br \/>\n\n<style type=\"text\/css\" data-created_by=\"avia_inline_auto\" id=\"style-css-av-3opcj4-7c622e5bbb63d3134c69ec0c9f29a490\">\n#top .hr.hr-invisible.av-3opcj4-7c622e5bbb63d3134c69ec0c9f29a490{\nheight:20px;\n}\n<\/style>\n<div  class='hr av-3opcj4-7c622e5bbb63d3134c69ec0c9f29a490 hr-invisible  avia-builder-el-13  el_after_av_textblock  el_before_av_font_icon '><span class='hr-inner '><span class=\"hr-inner-style\"><\/span><\/span><\/div><br \/>\n\n<style type=\"text\/css\" data-created_by=\"avia_inline_auto\" id=\"style-css-av-3m28x4-b2125fa3cd24460aeac5cca056a617ac\">\n.av_font_icon.av-3m28x4-b2125fa3cd24460aeac5cca056a617ac{\ncolor:#999999;\nborder-color:#999999;\n}\n.avia-svg-icon.av-3m28x4-b2125fa3cd24460aeac5cca056a617ac svg:first-child{\nstroke:#999999;\nfill:#999999;\n}\n.av_font_icon.av-3m28x4-b2125fa3cd24460aeac5cca056a617ac .av-icon-char{\nfont-size:60px;\nline-height:60px;\n}\n<\/style>\n<span  class='av_font_icon av-3m28x4-b2125fa3cd24460aeac5cca056a617ac avia_animate_when_visible av-icon-style- avia-icon-pos-center avia-iconfont avia-font-medical avia-icon-animate'><span class='av-icon-char' data-av_icon='\uf121' data-av_iconfont='medical' aria-hidden=\"true\" ><\/span><\/span><\/p>\n<\/div><\/div>\n<style type=\"text\/css\" data-created_by=\"avia_inline_auto\" id=\"style-css-av-3g64cg-2675781934924d6e662a37ab826117a4\">\n.flex_cell.av-3g64cg-2675781934924d6e662a37ab826117a4{\nvertical-align:middle;\nbackground-color:#ffffff;\nbackground:linear-gradient( to bottom right, #ffffff, #fafafa );\n}\n.responsive #top #wrap_all .flex_cell.av-3g64cg-2675781934924d6e662a37ab826117a4{\npadding:80px 80px 80px 80px !important;\n}\n<\/style>\n<div class='flex_cell av-3g64cg-2675781934924d6e662a37ab826117a4 av-gridrow-cell av_one_half no_margin  avia-builder-el-15  el_after_av_cell_one_half  avia-builder-el-last  content-align-middle'  ><div class='flex_cell_inner'><div  class='av-alb-blogposts template-blog  av-blog-meta-author-disabled av-blog-meta-comments-disabled av-blog-meta-date-disabled '  itemscope=\"itemscope\" itemtype=\"https:\/\/schema.org\/Blog\" ><article class=\"post-entry post-entry-type-standard post-entry-1600 post-loop-1 post-parity-odd post-entry-last bloglist-excerpt with-slider post-1600 post type-post status-publish format-standard has-post-thumbnail hentry category-stellenangebote tag-ausbildung tag-fachkraft tag-job tag-stellenangebot tag-zahnarzt tag-zahnmedizin\"  itemscope=\"itemscope\" itemtype=\"https:\/\/schema.org\/BlogPosting\" ><div class=\"blog-meta\"><\/div><div class='entry-content-wrapper clearfix standard-content'><header class=\"entry-content-header\" aria-label=\"Post: Zahnmedizinische Prophylaxeassistenz &#8211; ZMP (m\/w\/d)\"><h2 class='post-title entry-title '  itemprop=\"headline\" ><a href=\"https:\/\/zahn\u00e4rzte-stendal.de\/?p=1600\" rel=\"bookmark\" title=\"Permanenter Link zu: Zahnmedizinische Prophylaxeassistenz &#8211; ZMP (m\/w\/d)\">Zahnmedizinische Prophylaxeassistenz &#8211; ZMP (m\/w\/d)<span class=\"post-format-icon minor-meta\"><\/span><\/a><\/h2><span class=\"post-meta-infos\"><span class=\"blog-categories minor-meta\">in <a href=\"https:\/\/zahn\u00e4rzte-stendal.de\/?cat=36\" rel=\"tag\">Stellenangebote<\/a><\/span><\/span><\/header><p>Das sind wir: Wir sind eine famili\u00e4re Praxis, in der ein kollegiales Miteinander und Teamarbeit gro\u00dfgeschrieben werden. Wir k\u00f6nnen das gesamte Spektrum der Zahnheilkunde abdecken. Unsere Praxis ist volldigitalisiert. Wir bieten flexible Arbeitszeitmodelle, sowohl in Vollzeit als auch in Teilzeit. Bei uns sollen sich alle wohlf\u00fchlen :-). Aufgaben: Selbstst\u00e4ndige Durchf\u00fchrung der professionellen Zahnreinigung sowie des [&hellip;]<\/p>\n<div class=\"read-more-link\"><a href=\"https:\/\/zahn\u00e4rzte-stendal.de\/?p=1600\" class=\"more-link\">Weiterlesen<span class='more-link-arrow avia-svg-icon avia-font-svg_entypo-fontello' data-av_svg_icon='right-open-big' data-av_iconset='svg_entypo-fontello'><svg version=\"1.1\" xmlns=\"http:\/\/www.w3.org\/2000\/svg\" width=\"15\" height=\"32\" viewBox=\"0 0 15 32\" preserveAspectRatio=\"xMidYMid meet\" role=\"graphics-symbol\" aria-hidden=\"true\">\n<path d=\"M0.416 27.84l11.456-11.84-11.456-11.904q-0.832-0.832 0-1.536 0.832-0.832 1.536 0l12.544 12.608q0.768 0.832 0 1.6l-12.544 12.608q-0.704 0.832-1.536 0-0.832-0.704 0-1.536z\"><\/path>\n<\/svg><\/span><\/a><\/div><footer class=\"entry-footer\"><\/footer><div class='post_delimiter'><\/div><\/div><div class=\"post_author_timeline\"><\/div><span class='hidden'>\n\t\t\t\t<span class='av-structured-data'  itemprop=\"image\" itemscope=\"itemscope\" itemtype=\"https:\/\/schema.org\/ImageObject\" >\n\t\t\t\t\t\t<span itemprop='url'>https:\/\/zahn\u00e4rzte-stendal.de\/wp-content\/uploads\/2021\/01\/jobs_stellenangebote_vorschau_2020.jpg<\/span>\n\t\t\t\t\t\t<span itemprop='height'>720<\/span>\n\t\t\t\t\t\t<span itemprop='width'>1500<\/span>\n\t\t\t\t<\/span>\n\t\t\t\t<span class='av-structured-data'  itemprop=\"publisher\" itemtype=\"https:\/\/schema.org\/Organization\" itemscope=\"itemscope\" >\n\t\t\t\t\t\t<span itemprop='name'>msmedien<\/span>\n\t\t\t\t\t\t<span itemprop='logo' itemscope itemtype='https:\/\/schema.org\/ImageObject'>\n\t\t\t\t\t\t\t<span itemprop='url'>https:\/\/zahn\u00e4rzte-stendal.de\/wp-content\/uploads\/2020\/09\/logo_homepage_2020.png<\/span>\n\t\t\t\t\t\t<\/span>\n\t\t\t\t<\/span><span class='av-structured-data'  itemprop=\"author\" itemscope=\"itemscope\" itemtype=\"https:\/\/schema.org\/Person\" ><span itemprop='name'>msmedien<\/span><\/span><span class='av-structured-data'  itemprop=\"datePublished\" datetime=\"2024-02-05T17:09:49+01:00\" >2024-02-05 17:09:49<\/span><span class='av-structured-data'  itemprop=\"dateModified\" itemtype=\"https:\/\/schema.org\/dateModified\" >2024-02-05 17:09:49<\/span><span class='av-structured-data'  itemprop=\"mainEntityOfPage\" itemtype=\"https:\/\/schema.org\/mainEntityOfPage\" ><span itemprop='name'>Zahnmedizinische Prophylaxeassistenz &#8211; ZMP (m\/w\/d)<\/span><\/span><\/span><\/article><div class='bloglist-excerpt'><\/div><\/div>\n<\/div><\/div><\/div>\n","protected":false},"excerpt":{"rendered":"","protected":false},"author":1,"featured_media":0,"parent":0,"menu_order":0,"comment_status":"closed","ping_status":"closed","template":"","meta":{"footnotes":""},"class_list":["post-1449","page","type-page","status-publish","hentry"],"yoast_head":"<!-- This site is optimized with the Yoast SEO plugin v26.8 - https:\/\/yoast.com\/product\/yoast-seo-wordpress\/ -->\n<title>Karriere - Zahn\u00e4rzte Stendal<\/title>\n<meta name=\"description\" content=\"Von der \u00e4sthetischen Zahnheilkunde bis hin zum Zahnersatz k\u00f6nnen wir Ihnen ein gro\u00dfes Leistungsspektrum der modernen Zahnheilkunde anbieten.\" \/>\n<meta name=\"robots\" content=\"index, follow, max-snippet:-1, max-image-preview:large, max-video-preview:-1\" \/>\n<link rel=\"canonical\" href=\"https:\/\/zahn\u00e4rzte-stendal.de\/?page_id=1449\" \/>\n<meta property=\"og:locale\" content=\"de_DE\" \/>\n<meta property=\"og:type\" content=\"article\" \/>\n<meta property=\"og:title\" content=\"Karriere - Zahn\u00e4rzte Stendal\" \/>\n<meta property=\"og:description\" content=\"Von der \u00e4sthetischen Zahnheilkunde bis hin zum Zahnersatz k\u00f6nnen wir Ihnen ein gro\u00dfes Leistungsspektrum der modernen Zahnheilkunde anbieten.\" \/>\n<meta property=\"og:url\" content=\"https:\/\/zahn\u00e4rzte-stendal.de\/?page_id=1449\" \/>\n<meta property=\"og:site_name\" content=\"Zahn\u00e4rzte Stendal\" \/>\n<meta property=\"article:modified_time\" content=\"2024-09-11T19:02:47+00:00\" \/>\n<meta name=\"twitter:card\" content=\"summary_large_image\" \/>\n<meta name=\"twitter:label1\" content=\"Gesch\u00e4tzte Lesezeit\" \/>\n\t<meta name=\"twitter:data1\" content=\"2\u00a0Minuten\" \/>\n<script type=\"application\/ld+json\" class=\"yoast-schema-graph\">{\"@context\":\"https:\/\/schema.org\",\"@graph\":[{\"@type\":\"WebPage\",\"@id\":\"https:\/\/zahn\u00e4rzte-stendal.de\/?page_id=1449\",\"url\":\"https:\/\/zahn\u00e4rzte-stendal.de\/?page_id=1449\",\"name\":\"Karriere - Zahn\u00e4rzte Stendal\",\"isPartOf\":{\"@id\":\"https:\/\/zahn\u00e4rzte-stendal.de\/#website\"},\"datePublished\":\"2021-01-15T12:07:35+00:00\",\"dateModified\":\"2024-09-11T19:02:47+00:00\",\"description\":\"Von der \u00e4sthetischen Zahnheilkunde bis hin zum Zahnersatz k\u00f6nnen wir Ihnen ein gro\u00dfes Leistungsspektrum der modernen Zahnheilkunde anbieten.\",\"breadcrumb\":{\"@id\":\"https:\/\/zahn\u00e4rzte-stendal.de\/?page_id=1449#breadcrumb\"},\"inLanguage\":\"de\",\"potentialAction\":[{\"@type\":\"ReadAction\",\"target\":[\"https:\/\/zahn\u00e4rzte-stendal.de\/?page_id=1449\"]}]},{\"@type\":\"BreadcrumbList\",\"@id\":\"https:\/\/zahn\u00e4rzte-stendal.de\/?page_id=1449#breadcrumb\",\"itemListElement\":[{\"@type\":\"ListItem\",\"position\":1,\"name\":\"Startseite\",\"item\":\"https:\/\/zahn\u00e4rzte-stendal.de\/?page_id=330\"},{\"@type\":\"ListItem\",\"position\":2,\"name\":\"Karriere\"}]},{\"@type\":\"WebSite\",\"@id\":\"https:\/\/zahn\u00e4rzte-stendal.de\/#website\",\"url\":\"https:\/\/zahn\u00e4rzte-stendal.de\/\",\"name\":\"Zahn\u00e4rzte Stendal\",\"description\":\"Gemeinschaftspraxis DS Mehlkopf und Dr. Michelmann, M.Sc.\",\"publisher\":{\"@id\":\"https:\/\/zahn\u00e4rzte-stendal.de\/#organization\"},\"potentialAction\":[{\"@type\":\"SearchAction\",\"target\":{\"@type\":\"EntryPoint\",\"urlTemplate\":\"https:\/\/zahn\u00e4rzte-stendal.de\/?s={search_term_string}\"},\"query-input\":{\"@type\":\"PropertyValueSpecification\",\"valueRequired\":true,\"valueName\":\"search_term_string\"}}],\"inLanguage\":\"de\"},{\"@type\":\"Organization\",\"@id\":\"https:\/\/zahn\u00e4rzte-stendal.de\/#organization\",\"name\":\"Gemeinschaftspraxis DS Mehlkopf und Dr. Michelmann\",\"url\":\"https:\/\/zahn\u00e4rzte-stendal.de\/\",\"logo\":{\"@type\":\"ImageObject\",\"inLanguage\":\"de\",\"@id\":\"https:\/\/zahn\u00e4rzte-stendal.de\/#\/schema\/logo\/image\/\",\"url\":\"https:\/\/zahn\u00e4rzte-stendal.de\/wp-content\/uploads\/2019\/03\/logo_homepage_2019.png\",\"contentUrl\":\"https:\/\/zahn\u00e4rzte-stendal.de\/wp-content\/uploads\/2019\/03\/logo_homepage_2019.png\",\"width\":600,\"height\":156,\"caption\":\"Gemeinschaftspraxis DS Mehlkopf und Dr. Michelmann\"},\"image\":{\"@id\":\"https:\/\/zahn\u00e4rzte-stendal.de\/#\/schema\/logo\/image\/\"}}]}<\/script>\n<!-- \/ Yoast SEO plugin. -->","yoast_head_json":{"title":"Karriere - Zahn\u00e4rzte Stendal","description":"Von der \u00e4sthetischen Zahnheilkunde bis hin zum Zahnersatz k\u00f6nnen wir Ihnen ein gro\u00dfes Leistungsspektrum der modernen Zahnheilkunde anbieten.","robots":{"index":"index","follow":"follow","max-snippet":"max-snippet:-1","max-image-preview":"max-image-preview:large","max-video-preview":"max-video-preview:-1"},"canonical":"https:\/\/zahn\u00e4rzte-stendal.de\/?page_id=1449","og_locale":"de_DE","og_type":"article","og_title":"Karriere - Zahn\u00e4rzte Stendal","og_description":"Von der \u00e4sthetischen Zahnheilkunde bis hin zum Zahnersatz k\u00f6nnen wir Ihnen ein gro\u00dfes Leistungsspektrum der modernen Zahnheilkunde anbieten.","og_url":"https:\/\/zahn\u00e4rzte-stendal.de\/?page_id=1449","og_site_name":"Zahn\u00e4rzte Stendal","article_modified_time":"2024-09-11T19:02:47+00:00","twitter_card":"summary_large_image","twitter_misc":{"Gesch\u00e4tzte Lesezeit":"2\u00a0Minuten"},"schema":{"@context":"https:\/\/schema.org","@graph":[{"@type":"WebPage","@id":"https:\/\/zahn\u00e4rzte-stendal.de\/?page_id=1449","url":"https:\/\/zahn\u00e4rzte-stendal.de\/?page_id=1449","name":"Karriere - Zahn\u00e4rzte Stendal","isPartOf":{"@id":"https:\/\/zahn\u00e4rzte-stendal.de\/#website"},"datePublished":"2021-01-15T12:07:35+00:00","dateModified":"2024-09-11T19:02:47+00:00","description":"Von der \u00e4sthetischen Zahnheilkunde bis hin zum Zahnersatz k\u00f6nnen wir Ihnen ein gro\u00dfes Leistungsspektrum der modernen Zahnheilkunde anbieten.","breadcrumb":{"@id":"https:\/\/zahn\u00e4rzte-stendal.de\/?page_id=1449#breadcrumb"},"inLanguage":"de","potentialAction":[{"@type":"ReadAction","target":["https:\/\/zahn\u00e4rzte-stendal.de\/?page_id=1449"]}]},{"@type":"BreadcrumbList","@id":"https:\/\/zahn\u00e4rzte-stendal.de\/?page_id=1449#breadcrumb","itemListElement":[{"@type":"ListItem","position":1,"name":"Startseite","item":"https:\/\/zahn\u00e4rzte-stendal.de\/?page_id=330"},{"@type":"ListItem","position":2,"name":"Karriere"}]},{"@type":"WebSite","@id":"https:\/\/zahn\u00e4rzte-stendal.de\/#website","url":"https:\/\/zahn\u00e4rzte-stendal.de\/","name":"Zahn\u00e4rzte Stendal","description":"Gemeinschaftspraxis DS Mehlkopf und Dr. Michelmann, M.Sc.","publisher":{"@id":"https:\/\/zahn\u00e4rzte-stendal.de\/#organization"},"potentialAction":[{"@type":"SearchAction","target":{"@type":"EntryPoint","urlTemplate":"https:\/\/zahn\u00e4rzte-stendal.de\/?s={search_term_string}"},"query-input":{"@type":"PropertyValueSpecification","valueRequired":true,"valueName":"search_term_string"}}],"inLanguage":"de"},{"@type":"Organization","@id":"https:\/\/zahn\u00e4rzte-stendal.de\/#organization","name":"Gemeinschaftspraxis DS Mehlkopf und Dr. Michelmann","url":"https:\/\/zahn\u00e4rzte-stendal.de\/","logo":{"@type":"ImageObject","inLanguage":"de","@id":"https:\/\/zahn\u00e4rzte-stendal.de\/#\/schema\/logo\/image\/","url":"https:\/\/zahn\u00e4rzte-stendal.de\/wp-content\/uploads\/2019\/03\/logo_homepage_2019.png","contentUrl":"https:\/\/zahn\u00e4rzte-stendal.de\/wp-content\/uploads\/2019\/03\/logo_homepage_2019.png","width":600,"height":156,"caption":"Gemeinschaftspraxis DS Mehlkopf und Dr. Michelmann"},"image":{"@id":"https:\/\/zahn\u00e4rzte-stendal.de\/#\/schema\/logo\/image\/"}}]}},"_links":{"self":[{"href":"https:\/\/zahn\u00e4rzte-stendal.de\/index.php?rest_route=\/wp\/v2\/pages\/1449","targetHints":{"allow":["GET"]}}],"collection":[{"href":"https:\/\/zahn\u00e4rzte-stendal.de\/index.php?rest_route=\/wp\/v2\/pages"}],"about":[{"href":"https:\/\/zahn\u00e4rzte-stendal.de\/index.php?rest_route=\/wp\/v2\/types\/page"}],"author":[{"embeddable":true,"href":"https:\/\/zahn\u00e4rzte-stendal.de\/index.php?rest_route=\/wp\/v2\/users\/1"}],"replies":[{"embeddable":true,"href":"https:\/\/zahn\u00e4rzte-stendal.de\/index.php?rest_route=%2Fwp%2Fv2%2Fcomments&post=1449"}],"version-history":[{"count":17,"href":"https:\/\/zahn\u00e4rzte-stendal.de\/index.php?rest_route=\/wp\/v2\/pages\/1449\/revisions"}],"predecessor-version":[{"id":1493,"href":"https:\/\/zahn\u00e4rzte-stendal.de\/index.php?rest_route=\/wp\/v2\/pages\/1449\/revisions\/1493"}],"wp:attachment":[{"href":"https:\/\/zahn\u00e4rzte-stendal.de\/index.php?rest_route=%2Fwp%2Fv2%2Fmedia&parent=1449"}],"curies":[{"name":"wp","href":"https:\/\/api.w.org\/{rel}","templated":true}]}}